{"id":51,"date":"2020-06-06T18:11:58","date_gmt":"2020-06-06T18:11:58","guid":{"rendered":"http:\/\/bella-italia-ueckermuende.de\/?page_id=51"},"modified":"2020-06-07T12:38:24","modified_gmt":"2020-06-07T12:38:24","slug":"startseite-2","status":"publish","type":"page","link":"https:\/\/bella-italia-ueckermuende.de\/","title":{"rendered":"Startseite"},"content":{"rendered":"\t\t<div data-elementor-type=\"wp-page\" data-elementor-id=\"51\" class=\"elementor elementor-51\">\n\t\t\t\t\t\t<section class=\"elementor-section elementor-top-section elementor-element elementor-element-1cd709f elementor-section-boxed elementor-section-height-default elementor-section-height-default\" data-id=\"1cd709f\" data-element_type=\"section\">\n\t\t\t\t\t\t<div class=\"elementor-container elementor-column-gap-default\">\n\t\t\t\t\t<div class=\"elementor-column elementor-col-100 elementor-top-column elementor-element elementor-element-1b68218\" data-id=\"1b68218\" data-element_type=\"column\">\n\t\t\t<div class=\"elementor-widget-wrap elementor-element-populated\">\n\t\t\t\t\t\t<div class=\"elementor-element elementor-element-008ba01 elementor-widget elementor-widget-heading\" data-id=\"008ba01\" data-element_type=\"widget\" data-widget_type=\"heading.default\">\n\t\t\t\t<div class=\"elementor-widget-container\">\n\t\t\t\t\t<h3 class=\"elementor-heading-title elementor-size-default\">Herzlich Willkommen in der italienischen Pizzeria Ueckerm\u00fcnde!<\/h3>\t\t\t\t<\/div>\n\t\t\t\t<\/div>\n\t\t\t\t\t<\/div>\n\t\t<\/div>\n\t\t\t\t\t<\/div>\n\t\t<\/section>\n\t\t\t\t<section class=\"elementor-section elementor-top-section elementor-element elementor-element-725bfe4 elementor-section-boxed elementor-section-height-default elementor-section-height-default\" data-id=\"725bfe4\" data-element_type=\"section\">\n\t\t\t\t\t\t<div class=\"elementor-container elementor-column-gap-default\">\n\t\t\t\t\t<div class=\"elementor-column elementor-col-100 elementor-top-column elementor-element elementor-element-1a6101f\" data-id=\"1a6101f\" data-element_type=\"column\">\n\t\t\t<div class=\"elementor-widget-wrap elementor-element-populated\">\n\t\t\t\t\t\t<div class=\"elementor-element elementor-element-8c2f003 elementor-widget elementor-widget-image\" data-id=\"8c2f003\" data-element_type=\"widget\" data-widget_type=\"image.default\">\n\t\t\t\t<div class=\"elementor-widget-container\">\n\t\t\t\t\t\t\t\t\t\t\t\t\t\t\t<img fetchpriority=\"high\" decoding=\"async\" width=\"800\" height=\"591\" src=\"https:\/\/bella-italia-ueckermuende.de\/wp-content\/uploads\/2020\/06\/Jaspal.jpg\" class=\"attachment-large size-large wp-image-77\" alt=\"\" srcset=\"https:\/\/bella-italia-ueckermuende.de\/wp-content\/uploads\/2020\/06\/Jaspal.jpg 800w, https:\/\/bella-italia-ueckermuende.de\/wp-content\/uploads\/2020\/06\/Jaspal-300x222.jpg 300w, https:\/\/bella-italia-ueckermuende.de\/wp-content\/uploads\/2020\/06\/Jaspal-768x567.jpg 768w\" sizes=\"(max-width: 800px) 100vw, 800px\" \/>\t\t\t\t\t\t\t\t\t\t\t\t\t\t\t<\/div>\n\t\t\t\t<\/div>\n\t\t\t\t\t<\/div>\n\t\t<\/div>\n\t\t\t\t\t<\/div>\n\t\t<\/section>\n\t\t\t\t<section class=\"elementor-section elementor-top-section elementor-element elementor-element-302ac57 elementor-section-boxed elementor-section-height-default elementor-section-height-default\" data-id=\"302ac57\" data-element_type=\"section\">\n\t\t\t\t\t\t<div class=\"elementor-container elementor-column-gap-default\">\n\t\t\t\t\t<div class=\"elementor-column elementor-col-100 elementor-top-column elementor-element elementor-element-732239b\" data-id=\"732239b\" data-element_type=\"column\">\n\t\t\t<div class=\"elementor-widget-wrap elementor-element-populated\">\n\t\t\t\t\t\t<div class=\"elementor-element elementor-element-1e53b0e elementor-widget elementor-widget-text-editor\" data-id=\"1e53b0e\" data-element_type=\"widget\" data-widget_type=\"text-editor.default\">\n\t\t\t\t<div class=\"elementor-widget-container\">\n\t\t\t\t\t\t\t\t\t<p>Mit unserer Speisekarte f\u00fchren wir Sie durch ein breit gef\u00e4chertes Angebot der <strong>italienischen<\/strong> und <strong>indischen<\/strong> K\u00fcche.\u00a0<\/p><p>Angefangen bei den interessanten Vorspeisen, \u00fcber Suppen, zu vitaminreichen Salaten bieten wir u.a. preiswerte Pizza und Pasta an. Auch Fisch- und Fleischangebote werden Sie in einer Vielzahl entdecken.\u00a0<span style=\"font-style: inherit;\">Da alle Gerichte individuell nach Ihren W\u00fcnschen zubereitet werden, hoffen wir auf Ihr Verst\u00e4ndnis, wenn es einmal l\u00e4nger dauern sollte, bis Sie die K\u00f6stlichkeiten genie\u00dfen k\u00f6nnen.\u00a0<\/span><\/p><p>Alle Gerichte erhalten Sie auch au\u00dfer Haus! Nach Vorbestellung k\u00f6nnen im Bella Italia auch Festlichkeiten wie Geburtstage stattfinden. \u00a0<\/p><p><em>Jaspal Singh<\/em><\/p>\t\t\t\t\t\t\t\t<\/div>\n\t\t\t\t<\/div>\n\t\t\t\t\t<\/div>\n\t\t<\/div>\n\t\t\t\t\t<\/div>\n\t\t<\/section>\n\t\t\t\t<section class=\"elementor-section elementor-top-section elementor-element elementor-element-167bc59 elementor-section-boxed elementor-section-height-default elementor-section-height-default\" data-id=\"167bc59\" data-element_type=\"section\">\n\t\t\t\t\t\t<div class=\"elementor-container elementor-column-gap-default\">\n\t\t\t\t\t<div class=\"elementor-column elementor-col-100 elementor-top-column elementor-element elementor-element-e7a8831\" data-id=\"e7a8831\" data-element_type=\"column\">\n\t\t\t<div class=\"elementor-widget-wrap elementor-element-populated\">\n\t\t\t\t\t\t<div class=\"elementor-element elementor-element-36f9994 elementor-widget elementor-widget-image\" data-id=\"36f9994\" data-element_type=\"widget\" data-widget_type=\"image.default\">\n\t\t\t\t<div class=\"elementor-widget-container\">\n\t\t\t\t\t\t\t\t\t\t\t\t\t\t\t\t<a href=\"https:\/\/bella-italia-ueckermuende.de\/?page_id=9\">\n\t\t\t\t\t\t\t<img decoding=\"async\" width=\"800\" height=\"399\" src=\"https:\/\/bella-italia-ueckermuende.de\/wp-content\/uploads\/2020\/06\/Essen.jpg\" class=\"attachment-large size-large wp-image-111\" alt=\"\" srcset=\"https:\/\/bella-italia-ueckermuende.de\/wp-content\/uploads\/2020\/06\/Essen.jpg 800w, https:\/\/bella-italia-ueckermuende.de\/wp-content\/uploads\/2020\/06\/Essen-300x150.jpg 300w, https:\/\/bella-italia-ueckermuende.de\/wp-content\/uploads\/2020\/06\/Essen-768x383.jpg 768w\" sizes=\"(max-width: 800px) 100vw, 800px\" \/>\t\t\t\t\t\t\t\t<\/a>\n\t\t\t\t\t\t\t\t\t\t\t\t\t\t\t<\/div>\n\t\t\t\t<\/div>\n\t\t\t\t\t<\/div>\n\t\t<\/div>\n\t\t\t\t\t<\/div>\n\t\t<\/section>\n\t\t\t\t<\/div>\n\t\t","protected":false},"excerpt":{"rendered":"<p>Herzlich Willkommen in der italienischen Pizzeria Ueckerm\u00fcnde! Mit unserer Speisekarte f\u00fchren wir Sie durch ein breit gef\u00e4chertes Angebot der italienischen und indischen K\u00fcche.\u00a0 Angefangen bei den interessanten Vorspeisen, \u00fcber Suppen, zu vitaminreichen Salaten bieten wir u.a. preiswerte Pizza und Pasta an. Auch Fisch- und Fleischangebote werden Sie in einer Vielzahl entdecken.\u00a0Da alle Gerichte individuell nach [&hellip;]<\/p>\n","protected":false},"author":1,"featured_media":0,"parent":0,"menu_order":0,"comment_status":"closed","ping_status":"closed","template":"","meta":{"zakra_sidebar_layout":"customizer","zakra_remove_content_margin":false,"zakra_sidebar":"customizer","zakra_transparent_header":"customizer","zakra_logo":0,"zakra_main_header_style":"default","zakra_menu_item_color":"","zakra_menu_item_hover_color":"","zakra_menu_item_active_color":"","zakra_menu_active_style":"","zakra_page_header":true,"footnotes":""},"class_list":["post-51","page","type-page","status-publish","hentry"],"yoast_head":"<!-- This site is optimized with the Yoast SEO plugin v25.4 - https:\/\/yoast.com\/wordpress\/plugins\/seo\/ -->\n<title>Startseite - Bella Italia Ueckerm\u00fcnde<\/title>\n<meta name=\"robots\" content=\"index, follow, max-snippet:-1, max-image-preview:large, max-video-preview:-1\" \/>\n<link rel=\"canonical\" href=\"https:\/\/bella-italia-ueckermuende.de\/\" \/>\n<meta property=\"og:locale\" content=\"de_DE\" \/>\n<meta property=\"og:type\" content=\"article\" \/>\n<meta property=\"og:title\" content=\"Startseite - Bella Italia Ueckerm\u00fcnde\" \/>\n<meta property=\"og:description\" content=\"Herzlich Willkommen in der italienischen Pizzeria Ueckerm\u00fcnde! Mit unserer Speisekarte f\u00fchren wir Sie durch ein breit gef\u00e4chertes Angebot der italienischen und indischen K\u00fcche.\u00a0 Angefangen bei den interessanten Vorspeisen, \u00fcber Suppen, zu vitaminreichen Salaten bieten wir u.a. preiswerte Pizza und Pasta an. Auch Fisch- und Fleischangebote werden Sie in einer Vielzahl entdecken.\u00a0Da alle Gerichte individuell nach [&hellip;]\" \/>\n<meta property=\"og:url\" content=\"https:\/\/bella-italia-ueckermuende.de\/\" \/>\n<meta property=\"og:site_name\" content=\"Bella Italia Ueckerm\u00fcnde\" \/>\n<meta property=\"article:modified_time\" content=\"2020-06-07T12:38:24+00:00\" \/>\n<meta property=\"og:image\" content=\"http:\/\/bella-italia-ueckermuende.de\/wp-content\/uploads\/2020\/06\/Jaspal.jpg\" \/>\n<meta name=\"twitter:card\" content=\"summary_large_image\" \/>\n<meta name=\"twitter:label1\" content=\"Gesch\u00e4tzte Lesezeit\" \/>\n\t<meta name=\"twitter:data1\" content=\"1\u00a0Minute\" \/>\n<script type=\"application\/ld+json\" class=\"yoast-schema-graph\">{\"@context\":\"https:\/\/schema.org\",\"@graph\":[{\"@type\":\"WebPage\",\"@id\":\"https:\/\/bella-italia-ueckermuende.de\/\",\"url\":\"https:\/\/bella-italia-ueckermuende.de\/\",\"name\":\"Startseite - Bella Italia Ueckerm\u00fcnde\",\"isPartOf\":{\"@id\":\"https:\/\/bella-italia-ueckermuende.de\/#website\"},\"primaryImageOfPage\":{\"@id\":\"https:\/\/bella-italia-ueckermuende.de\/#primaryimage\"},\"image\":{\"@id\":\"https:\/\/bella-italia-ueckermuende.de\/#primaryimage\"},\"thumbnailUrl\":\"http:\/\/bella-italia-ueckermuende.de\/wp-content\/uploads\/2020\/06\/Jaspal.jpg\",\"datePublished\":\"2020-06-06T18:11:58+00:00\",\"dateModified\":\"2020-06-07T12:38:24+00:00\",\"breadcrumb\":{\"@id\":\"https:\/\/bella-italia-ueckermuende.de\/#breadcrumb\"},\"inLanguage\":\"de\",\"potentialAction\":[{\"@type\":\"ReadAction\",\"target\":[\"https:\/\/bella-italia-ueckermuende.de\/\"]}]},{\"@type\":\"ImageObject\",\"inLanguage\":\"de\",\"@id\":\"https:\/\/bella-italia-ueckermuende.de\/#primaryimage\",\"url\":\"https:\/\/bella-italia-ueckermuende.de\/wp-content\/uploads\/2020\/06\/Jaspal.jpg\",\"contentUrl\":\"https:\/\/bella-italia-ueckermuende.de\/wp-content\/uploads\/2020\/06\/Jaspal.jpg\",\"width\":800,\"height\":591},{\"@type\":\"BreadcrumbList\",\"@id\":\"https:\/\/bella-italia-ueckermuende.de\/#breadcrumb\",\"itemListElement\":[{\"@type\":\"ListItem\",\"position\":1,\"name\":\"Startseite\",\"item\":\"https:\/\/bella-italia-ueckermuende.de\/\"},{\"@type\":\"ListItem\",\"position\":2,\"name\":\"Startseite\"}]},{\"@type\":\"WebSite\",\"@id\":\"https:\/\/bella-italia-ueckermuende.de\/#website\",\"url\":\"https:\/\/bella-italia-ueckermuende.de\/\",\"name\":\"Bella Italia Ueckerm\u00fcnde\",\"description\":\"Herzlich Willkommen bei Bella Italia in Ueckerm\u00fcnde!\",\"publisher\":{\"@id\":\"https:\/\/bella-italia-ueckermuende.de\/#organization\"},\"potentialAction\":[{\"@type\":\"SearchAction\",\"target\":{\"@type\":\"EntryPoint\",\"urlTemplate\":\"https:\/\/bella-italia-ueckermuende.de\/?s={search_term_string}\"},\"query-input\":{\"@type\":\"PropertyValueSpecification\",\"valueRequired\":true,\"valueName\":\"search_term_string\"}}],\"inLanguage\":\"de\"},{\"@type\":\"Organization\",\"@id\":\"https:\/\/bella-italia-ueckermuende.de\/#organization\",\"name\":\"Bella Italia Ueckerm\u00fcnde\",\"url\":\"https:\/\/bella-italia-ueckermuende.de\/\",\"logo\":{\"@type\":\"ImageObject\",\"inLanguage\":\"de\",\"@id\":\"https:\/\/bella-italia-ueckermuende.de\/#\/schema\/logo\/image\/\",\"url\":\"http:\/\/bella-italia-ueckermuende.de\/wp-content\/uploads\/2020\/06\/Logo-Bella-Italia.png\",\"contentUrl\":\"http:\/\/bella-italia-ueckermuende.de\/wp-content\/uploads\/2020\/06\/Logo-Bella-Italia.png\",\"width\":600,\"height\":200,\"caption\":\"Bella Italia Ueckerm\u00fcnde\"},\"image\":{\"@id\":\"https:\/\/bella-italia-ueckermuende.de\/#\/schema\/logo\/image\/\"}}]}<\/script>\n<!-- \/ Yoast SEO plugin. -->","yoast_head_json":{"title":"Startseite - Bella Italia Ueckerm\u00fcnde","robots":{"index":"index","follow":"follow","max-snippet":"max-snippet:-1","max-image-preview":"max-image-preview:large","max-video-preview":"max-video-preview:-1"},"canonical":"https:\/\/bella-italia-ueckermuende.de\/","og_locale":"de_DE","og_type":"article","og_title":"Startseite - Bella Italia Ueckerm\u00fcnde","og_description":"Herzlich Willkommen in der italienischen Pizzeria Ueckerm\u00fcnde! Mit unserer Speisekarte f\u00fchren wir Sie durch ein breit gef\u00e4chertes Angebot der italienischen und indischen K\u00fcche.\u00a0 Angefangen bei den interessanten Vorspeisen, \u00fcber Suppen, zu vitaminreichen Salaten bieten wir u.a. preiswerte Pizza und Pasta an. Auch Fisch- und Fleischangebote werden Sie in einer Vielzahl entdecken.\u00a0Da alle Gerichte individuell nach [&hellip;]","og_url":"https:\/\/bella-italia-ueckermuende.de\/","og_site_name":"Bella Italia Ueckerm\u00fcnde","article_modified_time":"2020-06-07T12:38:24+00:00","og_image":[{"url":"http:\/\/bella-italia-ueckermuende.de\/wp-content\/uploads\/2020\/06\/Jaspal.jpg","type":"","width":"","height":""}],"twitter_card":"summary_large_image","twitter_misc":{"Gesch\u00e4tzte Lesezeit":"1\u00a0Minute"},"schema":{"@context":"https:\/\/schema.org","@graph":[{"@type":"WebPage","@id":"https:\/\/bella-italia-ueckermuende.de\/","url":"https:\/\/bella-italia-ueckermuende.de\/","name":"Startseite - Bella Italia Ueckerm\u00fcnde","isPartOf":{"@id":"https:\/\/bella-italia-ueckermuende.de\/#website"},"primaryImageOfPage":{"@id":"https:\/\/bella-italia-ueckermuende.de\/#primaryimage"},"image":{"@id":"https:\/\/bella-italia-ueckermuende.de\/#primaryimage"},"thumbnailUrl":"http:\/\/bella-italia-ueckermuende.de\/wp-content\/uploads\/2020\/06\/Jaspal.jpg","datePublished":"2020-06-06T18:11:58+00:00","dateModified":"2020-06-07T12:38:24+00:00","breadcrumb":{"@id":"https:\/\/bella-italia-ueckermuende.de\/#breadcrumb"},"inLanguage":"de","potentialAction":[{"@type":"ReadAction","target":["https:\/\/bella-italia-ueckermuende.de\/"]}]},{"@type":"ImageObject","inLanguage":"de","@id":"https:\/\/bella-italia-ueckermuende.de\/#primaryimage","url":"https:\/\/bella-italia-ueckermuende.de\/wp-content\/uploads\/2020\/06\/Jaspal.jpg","contentUrl":"https:\/\/bella-italia-ueckermuende.de\/wp-content\/uploads\/2020\/06\/Jaspal.jpg","width":800,"height":591},{"@type":"BreadcrumbList","@id":"https:\/\/bella-italia-ueckermuende.de\/#breadcrumb","itemListElement":[{"@type":"ListItem","position":1,"name":"Startseite","item":"https:\/\/bella-italia-ueckermuende.de\/"},{"@type":"ListItem","position":2,"name":"Startseite"}]},{"@type":"WebSite","@id":"https:\/\/bella-italia-ueckermuende.de\/#website","url":"https:\/\/bella-italia-ueckermuende.de\/","name":"Bella Italia Ueckerm\u00fcnde","description":"Herzlich Willkommen bei Bella Italia in Ueckerm\u00fcnde!","publisher":{"@id":"https:\/\/bella-italia-ueckermuende.de\/#organization"},"potentialAction":[{"@type":"SearchAction","target":{"@type":"EntryPoint","urlTemplate":"https:\/\/bella-italia-ueckermuende.de\/?s={search_term_string}"},"query-input":{"@type":"PropertyValueSpecification","valueRequired":true,"valueName":"search_term_string"}}],"inLanguage":"de"},{"@type":"Organization","@id":"https:\/\/bella-italia-ueckermuende.de\/#organization","name":"Bella Italia Ueckerm\u00fcnde","url":"https:\/\/bella-italia-ueckermuende.de\/","logo":{"@type":"ImageObject","inLanguage":"de","@id":"https:\/\/bella-italia-ueckermuende.de\/#\/schema\/logo\/image\/","url":"http:\/\/bella-italia-ueckermuende.de\/wp-content\/uploads\/2020\/06\/Logo-Bella-Italia.png","contentUrl":"http:\/\/bella-italia-ueckermuende.de\/wp-content\/uploads\/2020\/06\/Logo-Bella-Italia.png","width":600,"height":200,"caption":"Bella Italia Ueckerm\u00fcnde"},"image":{"@id":"https:\/\/bella-italia-ueckermuende.de\/#\/schema\/logo\/image\/"}}]}},"_links":{"self":[{"href":"https:\/\/bella-italia-ueckermuende.de\/index.php?rest_route=\/wp\/v2\/pages\/51","targetHints":{"allow":["GET"]}}],"collection":[{"href":"https:\/\/bella-italia-ueckermuende.de\/index.php?rest_route=\/wp\/v2\/pages"}],"about":[{"href":"https:\/\/bella-italia-ueckermuende.de\/index.php?rest_route=\/wp\/v2\/types\/page"}],"author":[{"embeddable":true,"href":"https:\/\/bella-italia-ueckermuende.de\/index.php?rest_route=\/wp\/v2\/users\/1"}],"replies":[{"embeddable":true,"href":"https:\/\/bella-italia-ueckermuende.de\/index.php?rest_route=%2Fwp%2Fv2%2Fcomments&post=51"}],"version-history":[{"count":18,"href":"https:\/\/bella-italia-ueckermuende.de\/index.php?rest_route=\/wp\/v2\/pages\/51\/revisions"}],"predecessor-version":[{"id":112,"href":"https:\/\/bella-italia-ueckermuende.de\/index.php?rest_route=\/wp\/v2\/pages\/51\/revisions\/112"}],"wp:attachment":[{"href":"https:\/\/bella-italia-ueckermuende.de\/index.php?rest_route=%2Fwp%2Fv2%2Fmedia&parent=51"}],"curies":[{"name":"wp","href":"https:\/\/api.w.org\/{rel}","templated":true}]}}